1 + -4)/6)?
83
Suppose -3*y = 9, -6*y = -2*q - 3*y - 47. Let k = 42 + q. List the prime factors of k.
2, 7
Suppose 3*c - 4*c + 5 = 0. Suppose y - j - 14 = -0*j, -42 = -2*y - c*j. What are the prime factors of y?
2
Suppose 0 = z - 4*o - 64 + 17, -4*o + 93 = 3*z. Suppose 6*i - z = i. List the prime factors of i.
7
What are the prime factors of (-2*314)/((-28)/14)?
2, 157
Suppose 7*y - 9*y = -114. List the prime factors of y.
3, 19
List the prime factors of ((-9)/(-6))/(12/464).
2, 29
Suppose 0 = -l - 0*l + p + 5, -4*l + 2*p = -16. Suppose l*q - 140 = -q. List the prime factors of q.
5, 7
Let m = -24 - -57. Let j = m + -20. What are the prime factors of j?
13
Let h = 110 + 99. List the prime factors of h.
11, 19
Let l = -9 + 9. Let u be (6/(-1))/(l + -2). Let c = u - -3. What are the prime factors of c?
2, 3
Let o(f) = -3*f**2 - f**2 + f**3 - 5*f**2 + 7*f + 10. Let k be o(8). Let u = k - 0. What are the prime factors of u?
2
Let b(w) = -w**3 - 3*w**2 + 4*w + 2. Let p be b(-4). Let i = p + 1. What are the prime factors of 40*(-4)/(-30)*i?
2
Suppose b = -5*m - 14, -3 = -b - 2*b. Let i = 3 + m. Suppose i*q + 8 = 4*q, 3*l = q + 10. List the prime factors of l.
2
Suppose a - 16 = 3*p, 3*a + 0*p = -3*p. What are the prime factors of (4/3)/(a/30)?
2, 5
Let x(u) = -u + 3. Suppose 4*s = -n, -4*n = -n + 5*s. Let c(j) = j. Let p be c(n). What are the prime factors of x(p)?
3
Suppose 3*w = 11 - 2. Suppose 6*q - 4*j - 202 = q, j = -w*q + 111. List the prime factors of q.
2, 19
Let d = 20 + -8. List the prime factors of d.
2, 3
List the prime factors of (-44 - -4)/(-2*4/16).
2, 5
Suppose 0 = -4*d + 9*d - 45. What are the prime factors of d?
3
Suppose -2*c - 5*x = -151, 127 = 2*c - 0*c - 3*x. Suppose -2*u - 2*u + c = 4*s, 0 = s - 4. What are the prime factors of u?
13
Let k(t) = 7*t**2 - 5*t + 3. List the prime factors of k(3).
3, 17
Let u be (4 - 3)*-1*-3. List the prime factors of (-30)/(-4)*(u + -1).
3, 5
Let b(c) = 5*c + 1. Let o be b(-1). Let f(n) be the first derivative of -n**4/4 - 5*n**3/3 - 2*n**2 + 2*n + 6. List the prime factors of f(o).
2
Suppose 0 = -5*k + 3*g + 16, -k - 4*g + 14 = -g. List the prime factors of k.
5
Suppose -3*o - 2*o = 0. Suppose -6 = -2*y - o. List the prime factors of y.
3
Let d = 13 + -1. Suppose -3*l + l = -d. List the prime factors of l.
2, 3
List the prime factors of (-4)/(-10) + 0 + (-489)/(-15).
3, 11
Let c(l) = l**2 - 3*l - 4. Suppose -m - 5 = 2*w, 0 = -m + 3*w - 2*w + 10. Let q be c(m). List the prime factors of (-141)/(-21) - q/(-21).
7
Suppose 0*a - 5*a - 25 = 0. Let q be a*(8/10)/(-2). Suppose -29 = -5*w + 2*i, -8 = -w - w + q*i. What are the prime factors of w?
7
Let b = 4 + -3. Let y(n) = -3*n - b + 5*n - n. What are the prime factors of y(5)?
2
Suppose -x = g + 2*g - 13, -4*x = -2*g + 32. Suppose 20 = -g*n + 8*n. List the prime factors of n.
2, 5
Suppose -14*i + 1100 = -4*i. What are the prime factors of i?
2, 5, 11
Let g = 95 - 56. List the prime factors of g.
3, 13
Let m = -6 + 10. Let l = m + -6. What are the prime factors of 12 - -1*2/l?
11
Suppose 5*g - 27 = -7. Suppose g*q - 34 = 2*q. What are the prime factors of q?
17
Let t(k) = 0 - 2*k - 1 + 0*k**2 + k**2. Let l be (0 + 4/2)*2. What are the prime factors of t(l)?
7
Let n(x) = -x**3 - x**2 - x + 3. Let m be n(0). Suppose 2*z = m*z - 3. Let g = 17 - z. What are the prime factors of g?
2, 7
Suppose -5*g - 2*s + 2 = 0, -2*g - 3*s = g + 6. Suppose o + 16 = g*o. What are the prime factors of o?
2
Let d = -43 - -15. Let w be 4 + -1 + (d - 1). Let h = -11 - w. What are the prime factors of h?
3, 5
Let x(y) = -y**3 + 4*y**2 - y + 3. Let o = -2 - -13. Suppose -5*i + o + 4 = 0. List the prime factors of x(i).
3
Let m(g) = -32*g + 1. What are the prime factors of m(-1)?
3, 11
Suppose -5*u = -120 - 5. What are the prime factors of u?
5
Let i(s) = s**3 + 8*s**2 + 3*s + 8. List the prime factors of i(-7).
2, 3
What are the prime factors of (-16)/(-56) - (-516)/7?
2, 37
Suppose 3*i + 0*i = 33. Let m(l) = -l**3 + 12*l**2 - 12*l + 11. Let t be m(i). Suppose 37 = 4*h + 3*z, h + t - 9 = -z. What are the prime factors of h?
2, 5
Suppose 9 + 11 = 2*b. Suppose -b = j - 43. List the prime factors of j.
3, 11
Suppose 2*o - 44 + 6 = 0. List the prime factors of o.
19
Let j = 18 + -12. List the prime factors of j.
2, 3
Let v(a) be the third derivative of 0 - 1/10*a**5 + 1/120*a**6 - 1/4*a**4 - 5/6*a**3 + 0*a - 2*a**2. List the prime factors of v(7).
2
Suppose -2*l + 41 = l + 2*t, -t - 17 = -l. List the prime factors of l.
3, 5
List the prime factors of (-2)/(-6) + 1015/15.
2, 17
Suppose -2*w + 2*b + 20 = 8, 2*w - 6 = -b. Suppose 0 = 4*k + k - w*r - 118, -k + r + 24 = 0. List the prime factors of k.
2, 11
What are the prime factors of (119 - -5)/(4 - 2)?
2, 31
Suppose 4*y = -4*g + g + 1528, -4*g = -2*y + 742. List the prime factors of y.
379
Suppose 0*d - 5*d = -20. Let p be ((-6)/d)/((-9)/(-60)). List the prime factors of (12/5)/((-4)/p).
2, 3
Let k(d) = -d**3 + 5*d**2 + 7*d - 4. Let j be k(6). Suppose -4*y + 130 = -5*x, 4*y - 146 = -0*y - 3*x. Suppose j*h = -3*h + y. List the prime factors of h.
7
Let s(v) = -v**3 + 9*v**2 - 7*v + 4. Suppose c - 5*c = -32. What are the prime factors of s(c)?
2, 3
Suppose -3 + 6 = -3*l. Let o = 4 + l. What are the prime factors of o?
3
Let p(o) be the second derivative of 0*o**2 - o - 1/3*o**3 - 1/12*o**4 + 0 + 1/20*o**5. List the prime factors of p(3).
2, 3
Let d = 47 + -14. Let q = -22 - -2. Let p = d + q. What are the prime factors of p?
13
Suppose 3*w = -3, 2*z - 102 = -2*z + 2*w. What are the prime factors of z?
5
Suppose -2*d = 0, -4*a - 24 = 3*d - 4*d. What are the prime factors of 27*((-10)/a)/5?
3
Let t(m) = m**2 + 10*m - 6. Let q be t(-11). Suppose q*j - 1 = 29. List the prime factors of j.
2, 3
Suppose 2*u + 3*k = -0*u + 15, 0 = 5*u + k - 31. Let w = -1 + 1. What are the prime factors of w*(-2)/(-2) + u?
2, 3
Suppose -5*l - 62 - 13 = -5*c, 0 = 2*l + 6. Let q = 5 + -10. Let a = c + q. List the prime factors of a.
7
Suppose 4*y = 2*y - 40. Let w = -11 - y. List the prime factors of w.
3
Let o = 78 + -28. List the prime factors of o.
2, 5
Let g(i) = 18*i - 8. What are the prime factors of g(8)?
2, 17
Suppose -3*l - 123 = -6*l. What are the prime factors of l?
41
Suppose -12 = -3*l + 3. Suppose l*o + 13 = 143. What are the prime factors of o?
2, 13
Let m be -1 + (-1)/((-2)/(-66)). Let o = m - -59. List the prime factors of o.
5
Let w = -2 + 0. Let n be (-10)/w - (0 - -2). Suppose -3*p + y = 2*y - 16, -5*p = n*y - 24. List the prime factors of p.
2, 3
List the prime factors of (3 + 1 - 5)*-48.
2, 3
Suppose n + 84 = 2*n. List the prime factors of n.
2, 3, 7
Let d be (-1 + (-1)/(-2))*-10. Let f be (-4 + d)/((-2)/(-66)). Suppose 5*p + 9 + f = 3*o, -2*o + 28 = 5*p. List the prime factors of o.
2, 7
Let c(b) = b**3 + 8*b**2 + 4*b - 10. Suppose -31 = 5*q + 4. List the prime factors of c(q).
11
Let d(f) = f**2 + 4*f. Let b be d(5). Suppose -4*a = -7 - b. What are the prime factors of a?
13
Suppose -4 = 2*y, 3*m = -0*m + 5*y + 22. Let r be m/(-2) - (1 + -1). List the prime factors of (2 - 10)/(r - -1).
2
Let u be 2*3/18*3. Let s be (-1 - -38) + 2 + u. Suppose c - 3*m - 20 = 0, -5*c - 2*m = 3*m - s. List the prime factors of c.
11
Suppose -2*v + 5*i = i - 56, -4*v - 3*i = -57. List the prime factors of ((-6)/(-3))/2 + v.
19
Let k = -4 - -7. Let m(a) = -2 + k - 4*a - 2. What are the prime factors of m(-1)?
3
Suppose -3*a + 31 = -17. List the prime factors of a.
2
Let l(g) be the second derivative of g**3/6 + 5*g**2 - g. Suppose -5*p + 9*p = 0. What are the prime factors of l(p)?
2, 5
Suppose -2*h + 1 = -1. What are the prime factors of h/(-2) + (-145)/(-10)?
2, 7
Let y be 3/((-9)/6 + 2). Let d = y + 1. What are the prime factors of d?
7
Suppose 8 = 3*o - 7. List the prime factors of 2/o*-2*-5.
2
Let v be 1 - (-1 - (4 - 2)). Suppose -2*j = -v*j. Suppose -10 = -2*w - 0*w - 5*c, j = 3*w + 3*c - 24. What are the prime factors of w?
2, 5
Suppose 0 = 3*f - 3, -9 = 5*h + f - 35. List the prime factors of (h + -20)*2/(-3).
2, 5
Let j be 12/2 + 0/(-1). Suppose g + 1 = j. Suppose g*n - 55 = 2*u, -2*u = n - 0*u + 1. What are the prime factors of n?
3
Let r(l) = 16*l - 31. What are the prime factors of r(6)?
5, 13
Let o = -26 - -36. Suppose 5*q = -5 + o. Suppo